{"id":241,"date":"2022-04-19T13:45:48","date_gmt":"2022-04-19T13:45:48","guid":{"rendered":"https:\/\/instituto.escaneame.ar\/?page_id=241"},"modified":"2022-08-08T22:49:55","modified_gmt":"2022-08-08T22:49:55","slug":"profesorado-de-educacion-fisica","status":"publish","type":"page","link":"https:\/\/instituto.escaneame.ar\/?page_id=241","title":{"rendered":"PROFESORADO DE EDUCACI\u00d3N F\u00cdSICA"},"content":{"rendered":"<p>Plan de estudios &#8211;\u00a0<strong>RESOLUCI\u00d3N 979\/17 CGE<\/strong><img fetchpriority=\"high\" decoding=\"async\" class=\"aligncenter wp-image-300 size-full\" src=\"https:\/\/instituto.escaneame.ar\/wp-content\/uploads\/2022\/08\/educfisica.jpg\" alt=\"\" width=\"626\" height=\"417\" srcset=\"https:\/\/instituto.escaneame.ar\/wp-content\/uploads\/2022\/08\/educfisica.jpg 626w, https:\/\/instituto.escaneame.ar\/wp-content\/uploads\/2022\/08\/educfisica-300x200.jpg 300w\" sizes=\"(max-width: 626px) 100vw, 626px\" \/><\/p>\n<p style=\"text-align: center;\"><a href=\"https:\/\/forms.gle\/QLYemX6dXKWQQ5ML6\">Convertite en Profe de Educaci\u00f3n F\u00edsica &#8211; Estudi\u00e1 en el ISFD \u00abSagrado Coraz\u00f3n\u00bb<\/a><\/p>\n<hr \/>\n<p>Primer a\u00f1o:<\/p>\n<ul>\n<li>Pedagog\u00eda<\/li>\n<li>Corporeidad, juegos y lenguajes art\u00edsticos<\/li>\n<li>Oralidad, lectura, escritura y TIC<\/li>\n<li>Psicolog\u00eda Educacional<\/li>\n<li>Biolog\u00eda Humana<\/li>\n<li>Pr\u00e1cticas Ludomotrices<\/li>\n<li>Pr\u00e1cticas Gimn\u00e1sticas y Expresivas \u00a0I<\/li>\n<li>Deporte individual: Atletismo<\/li>\n<li>Pr\u00e1cticas Acu\u00e1ticas I<\/li>\n<li>Pr\u00e1ctica Docente I<\/li>\n<\/ul>\n<hr \/>\n<p>Segundo a\u00f1o:<\/p>\n<ul>\n<li>Historia social, pol\u00edtica argentina y latinoamericana.<\/li>\n<li>Filosof\u00eda<\/li>\n<li>Did\u00e1ctica General<\/li>\n<li>Biomotricidad I<\/li>\n<li>Sujetos de la Educaci\u00f3n<\/li>\n<li>Pr\u00e1ctica Gimn\u00e1sticas y \u00a0expresivas \u00a0II<\/li>\n<li>Pr\u00e1cticas deportivas de conjunto I (B\u00e1squet, V\u00f3ley, F\u00fatbol)<\/li>\n<li>Pr\u00e1cticas Acu\u00e1ticas II<\/li>\n<li>Did\u00e1ctica de la Educaci\u00f3n F\u00edsica II<\/li>\n<li>Pr\u00e1ctica docente II<\/li>\n<\/ul>\n<hr \/>\n<p>Tercer a\u00f1o:<\/p>\n<ul>\n<li>Sociolog\u00eda de la Educaci\u00f3n<\/li>\n<li>Historia de la educaci\u00f3n argentina<\/li>\n<li>Educaci\u00f3n Sexual integral<\/li>\n<li>Biomotricidad II<\/li>\n<li>Recreaci\u00f3n y tiempo libre<\/li>\n<li>Educaci\u00f3n inclusiva<\/li>\n<li>Pr\u00e1cticas deportivas de conjunto II (B\u00e1squet, V\u00f3ley, Hockey)<\/li>\n<li>Did\u00e1ctica de la Educaci\u00f3n F\u00edsica II<\/li>\n<li>UDI: Teolog\u00eda I<\/li>\n<li>Pr\u00e1ctica Docente III<\/li>\n<\/ul>\n<hr \/>\n<p>Cuarto a\u00f1o:<\/p>\n<ul>\n<li>An\u00e1lisis y organizaci\u00f3n de las instituciones educativas.<\/li>\n<li>Derechos humanos, \u00e9tica y ciudadan\u00eda<\/li>\n<li>Actividad f\u00edsica y salud<\/li>\n<li>Pr\u00e1cticas en ambientes naturales<\/li>\n<li>Epistemolog\u00eda y problem\u00e1ticas contempor\u00e1neas de la Educaci\u00f3n F\u00edsica<\/li>\n<li>Pr\u00e1cticas deportivas de conjunto III (Rugby, H\u00e1ndbol, Softbol)<\/li>\n<li>UDI: Teolog\u00eda II<\/li>\n<li>UDI: Nutrici\u00f3n<\/li>\n<li>UDI: Interdisciplinariedad de la Educaci\u00f3n F\u00edsica<\/li>\n<li>Pr\u00e1ctica Docente IV- Residencia<\/li>\n<\/ul>\n","protected":false},"excerpt":{"rendered":"<p>Plan de estudios &#8211;\u00a0RESOLUCI\u00d3N 979\/17 CGE Convertite en Profe de Educaci\u00f3n F\u00edsica &#8211; Estudi\u00e1 en el ISFD \u00abSagrado Coraz\u00f3n\u00bb Primer a\u00f1o: Pedagog\u00eda Corporeidad, juegos y lenguajes art\u00edsticos Oralidad, lectura, escritura y TIC Psicolog\u00eda Educacional Biolog\u00eda Humana Pr\u00e1cticas Ludomotrices Pr\u00e1cticas Gimn\u00e1sticas y Expresivas \u00a0I Deporte individual: Atletismo Pr\u00e1cticas Acu\u00e1ticas I Pr\u00e1ctica Docente I Segundo a\u00f1o: Historia [&hellip;]<\/p>\n","protected":false},"author":1,"featured_media":0,"parent":0,"menu_order":0,"comment_status":"closed","ping_status":"closed","template":"","meta":{"footnotes":""},"class_list":["post-241","page","type-page","status-publish","hentry"],"_links":{"self":[{"href":"https:\/\/instituto.escaneame.ar\/index.php?rest_route=\/wp\/v2\/pages\/241","targetHints":{"allow":["GET"]}}],"collection":[{"href":"https:\/\/instituto.escaneame.ar\/index.php?rest_route=\/wp\/v2\/pages"}],"about":[{"href":"https:\/\/instituto.escaneame.ar\/index.php?rest_route=\/wp\/v2\/types\/page"}],"author":[{"embeddable":true,"href":"https:\/\/instituto.escaneame.ar\/index.php?rest_route=\/wp\/v2\/users\/1"}],"replies":[{"embeddable":true,"href":"https:\/\/instituto.escaneame.ar\/index.php?rest_route=%2Fwp%2Fv2%2Fcomments&post=241"}],"version-history":[{"count":4,"href":"https:\/\/instituto.escaneame.ar\/index.php?rest_route=\/wp\/v2\/pages\/241\/revisions"}],"predecessor-version":[{"id":302,"href":"https:\/\/instituto.escaneame.ar\/index.php?rest_route=\/wp\/v2\/pages\/241\/revisions\/302"}],"wp:attachment":[{"href":"https:\/\/instituto.escaneame.ar\/index.php?rest_route=%2Fwp%2Fv2%2Fmedia&parent=241"}],"curies":[{"name":"wp","href":"https:\/\/api.w.org\/{rel}","templated":true}]}}