{"id":20,"date":"2018-06-29T21:45:33","date_gmt":"2018-06-29T21:45:33","guid":{"rendered":"https:\/\/instituto.escaneame.ar\/?page_id=20"},"modified":"2022-08-09T22:47:18","modified_gmt":"2022-08-09T22:47:18","slug":"profesorado-de-educ-primaria","status":"publish","type":"page","link":"https:\/\/instituto.escaneame.ar\/?page_id=20","title":{"rendered":"PROFESORADO DE EDUC. PRIMARIA"},"content":{"rendered":"<p><img fetchpriority=\"high\" decoding=\"async\" class=\"alignnone size-full wp-image-57\" src=\"https:\/\/instituto.escaneame.ar\/wp-content\/uploads\/2018\/07\/LOGO-PEP.jpg\" alt=\"\" width=\"800\" height=\"533\" srcset=\"https:\/\/instituto.escaneame.ar\/wp-content\/uploads\/2018\/07\/LOGO-PEP.jpg 800w, https:\/\/instituto.escaneame.ar\/wp-content\/uploads\/2018\/07\/LOGO-PEP-300x200.jpg 300w, https:\/\/instituto.escaneame.ar\/wp-content\/uploads\/2018\/07\/LOGO-PEP-768x512.jpg 768w\" sizes=\"(max-width: 800px) 100vw, 800px\" \/><\/p>\n<p><strong><em>Plan de estudios <\/em><\/strong><em>&#8211; Resoluci\u00f3n 4170\/14 CGE<\/em><\/p>\n<p>Primer a\u00f1o:<\/p>\n<ul>\n<li>Pedagog\u00eda<\/li>\n<li>Corporeidad, juegos y lenguajes art\u00edsticos<\/li>\n<li>Oralidad, lectura, escritura y TIC<\/li>\n<li>Did\u00e1ctica General<\/li>\n<li>Lengua, Literatura y su Did\u00e1ctica I<\/li>\n<li>Matem\u00e1tica y su Did\u00e1ctica I<\/li>\n<li>Ciencias Sociales y su did\u00e1ctica I<\/li>\n<li>Ciencias Naturales y su did\u00e1ctica I<\/li>\n<li>Pr\u00e1ctica Docente I<\/li>\n<\/ul>\n<hr \/>\n<p>Segundo a\u00f1o:<\/p>\n<ul>\n<li>Psicolog\u00eda Educacional<\/li>\n<li>Historia social, pol\u00edtica arg. y lat.<\/li>\n<li>Filosof\u00eda<\/li>\n<li>Lengua, Literatura y su Did\u00e1ctica II<\/li>\n<li>Matem\u00e1tica y su Did\u00e1ctica II<\/li>\n<li>Ciencias Sociales y su did\u00e1ctica II<\/li>\n<li>Ciencias Naturales y su did\u00e1ctica II<\/li>\n<li>Sujetos de la Educaci\u00f3n Primaria<\/li>\n<li>Educaci\u00f3n F\u00edsica y su did\u00e1ctica<\/li>\n<li>Pr\u00e1ctica docente II<\/li>\n<\/ul>\n<hr \/>\n<p>Tercer a\u00f1o:<\/p>\n<ul>\n<li>Sociolog\u00eda de la Educaci\u00f3n<\/li>\n<li>Historia de la educaci\u00f3n argentina<\/li>\n<li>Derechos humanos: \u00e9tica y ciudadan\u00eda<\/li>\n<li>Juegos y producci\u00f3n de materiales<\/li>\n<li>Matem\u00e1tica y su Did\u00e1ctica III<\/li>\n<li>Alfabetizaci\u00f3n en la Educaci\u00f3n Primaria<\/li>\n<li>TIC y Educaci\u00f3n Primaria<\/li>\n<li>Educaci\u00f3n Tecnol\u00f3gica y su did\u00e1ctica<\/li>\n<li>Lenguajes art\u00edsticos I (cuatrimestral)<\/li>\n<li>Lenguajes art\u00edsticos II (cuatrimestral)<\/li>\n<li>Pr\u00e1ctica Docente III<\/li>\n<\/ul>\n<hr \/>\n<p>Cuarto a\u00f1o:<\/p>\n<ul>\n<li>An\u00e1lisis y organizaci\u00f3n de las inst.educ.<\/li>\n<li>Educaci\u00f3n sexual integral<\/li>\n<li>Taller interdisciplinario: problem\u00e1ticas transversales<\/li>\n<li>Problem\u00e1ticas contempor\u00e1neas en la Educaci\u00f3n Primaria<\/li>\n<li>Pr\u00e1ctica Docente IV<\/li>\n<\/ul>\n","protected":false},"excerpt":{"rendered":"<p>Plan de estudios &#8211; Resoluci\u00f3n 4170\/14 CGE Primer a\u00f1o: Pedagog\u00eda Corporeidad, juegos y lenguajes art\u00edsticos Oralidad, lectura, escritura y TIC Did\u00e1ctica General Lengua, Literatura y su Did\u00e1ctica I Matem\u00e1tica y su Did\u00e1ctica I Ciencias Sociales y su did\u00e1ctica I Ciencias Naturales y su did\u00e1ctica I Pr\u00e1ctica Docente I Segundo a\u00f1o: Psicolog\u00eda Educacional Historia social, pol\u00edtica [&hellip;]<\/p>\n","protected":false},"author":1,"featured_media":0,"parent":0,"menu_order":0,"comment_status":"closed","ping_status":"closed","template":"","meta":{"footnotes":""},"class_list":["post-20","page","type-page","status-publish","hentry"],"_links":{"self":[{"href":"https:\/\/instituto.escaneame.ar\/index.php?rest_route=\/wp\/v2\/pages\/20","targetHints":{"allow":["GET"]}}],"collection":[{"href":"https:\/\/instituto.escaneame.ar\/index.php?rest_route=\/wp\/v2\/pages"}],"about":[{"href":"https:\/\/instituto.escaneame.ar\/index.php?rest_route=\/wp\/v2\/types\/page"}],"author":[{"embeddable":true,"href":"https:\/\/instituto.escaneame.ar\/index.php?rest_route=\/wp\/v2\/users\/1"}],"replies":[{"embeddable":true,"href":"https:\/\/instituto.escaneame.ar\/index.php?rest_route=%2Fwp%2Fv2%2Fcomments&post=20"}],"version-history":[{"count":8,"href":"https:\/\/instituto.escaneame.ar\/index.php?rest_route=\/wp\/v2\/pages\/20\/revisions"}],"predecessor-version":[{"id":91,"href":"https:\/\/instituto.escaneame.ar\/index.php?rest_route=\/wp\/v2\/pages\/20\/revisions\/91"}],"wp:attachment":[{"href":"https:\/\/instituto.escaneame.ar\/index.php?rest_route=%2Fwp%2Fv2%2Fmedia&parent=20"}],"curies":[{"name":"wp","href":"https:\/\/api.w.org\/{rel}","templated":true}]}}